2*y**2 - 42*y + 21. Let c be i(20). Let p = -23 - c. What is v(p)?
0
Let d(r) = -r**3 + 5*r**2 - 5*r + 5. Let h be d(4). Suppose -7 = 2*v + f - 1, -5*v = -f + h. Let n(t) = -t. What is n(v)?
1
Let b(n) = -n**2 + 1. Let m(y) = -3*y**2 + y + 7. Let c = 25 + -21. Let p(v) = c*b(v) - m(v). Determine p(0).
-3
Suppose 0*k = -5*k + 30. Let c = k - 10. Let y be (0 - 0)*(-3 - c). Let s(v) = v**3 - v**2 + v + 7. What is s(y)?
7
Let p(i) = -i**3 - 7*i**2 - 8*i - 8. Let n = -14 + 18. Suppose -n*r + 32 = -4*x, -2*x + r - 26 = 2*x. Determine p(x).
4
Let t(q) = 3*q + 1. Let o be 2/3 + (-45)/27. Let w = o + 0. Let y = w - 2. Determine t(y).
-8
Let q(a) be the third derivative of -a**5/60 - a**4/6 + 2*a**3/3 + 3*a**2 - 4*a. Give q(-4).
4
Let h(c) = -c - 1. Let n be (-4105)/35 + 6/21. Let b = n + 117. What is h(b)?
-1
Let b(l) = l**3 + 6*l**2 + 2*l + 8. Let u = -6 - -10. Let a be (11 - 20)*4/(-6). Let o be -12*(a/u + -1). Calculate b(o).
-4
Let n(s) = -9*s + 2. Let l(y) = -29*y + 60. Let j be l(2). Give n(j).
-16
Let u(r) = -6 + 5*r**3 + 2*r - 7*r**2 - 6*r - 1. Let y(b) = b**3 - b**2 - b - 1. Let j(a) = u(a) - 4*y(a). Let d = 276 + -273. What is j(d)?
-3
Let t(a) = 2*a**2 - 4*a. Let m(j) = -2*j - 21. Let g be m(-12). What is t(g)?
6
Let w(p) be the first derivative of -2*p**3/3 - 3*p + 3. Let h(z) be the first derivative of w(z). Let j = 99 - 101. Give h(j).
8
Let s(p) be the third derivative of p**6/120 - p**5/20 - p**4/4 + 2*p**3/3 - 70*p**2. Calculate s(4).
-4
Suppose 4*h + 8 = -4. Let a(f) = -3*f**3 + 8*f**2 - 4*f + 4. Let v(d) = 4*d**3 - 9*d**2 + 3*d - 4. Let z(t) = h*a(t) - 2*v(t). Determine z(5).
1
Let x(o) = -o - 1. Let w be x(-6). Let d(z) = 7*z - 4*z - 1 + z + 0 - z**2. What is d(w)?
-6
Let u(h) be the first derivative of -5 - 1/4*h**4 + 2*h - 4/3*h**3 + 0*h**2. Let i = -7 + 5. What is u(i)?
-6
Let q(v) = -2*v**3 + 2*v - 2. Let p be q(-2). Let a(w) = -p + w + 1 + 7. Determine a(-3).
-5
Let f(b) = -2*b - 5. Let p(c) = 4. Let r(q) = -1. Let x(m) = p(m) + 5*r(m). Let k(l) = -f(l) + 6*x(l). Determine k(-1).
-3
Let v(a) be the first derivative of -23*a**4/4 - a**2/2 + 441. What is v(1)?
-24
Let p(z) = -z**2 - 28*z - 187. Let f be p(-14). Let u(d) = -2*d - 7. Determine u(f).
-25
Let d(j) be the first derivative of -3*j**2/2 - 18*j + 130. Determine d(-9).
9
Let s(h) = 2*h - 1. Let c(q) = 3*q - 1. Let o(y) = 3*c(y) - 4*s(y). Let v be o(-10). Let j(z) = z + 16. What is j(v)?
7
Let i(p) = p**3 - 24*p**2 - 26*p + 29. Let k be i(25). Let a(l) = 5*l - 2. Calculate a(k).
18
Suppose 0*j - 2*j = -6. Suppose -9 = 3*k + 2*z + j, -5*k = -z + 33. Let b(q) = q**3 + 6*q**2 + 6. Determine b(k).
6
Suppose 0 = 2*p - 3*d + 5, 5*p + 3*d - 12 = 8*p. Let z(j) = -j**2 - 7*j + 3. Let t be z(p). Let f(s) = s + 1 - 5*s + t - s**2 + 2*s. Give f(-4).
-4
Let t(b) be the second derivative of b**4/24 - 2*b**3 - 9*b**2/2 - 4*b. Let j(f) be the first derivative of t(f). What is j(11)?
-1
Let i(p) = 4*p + 13 - 4 + p**2 - 19 - 7*p. Determine i(7).
18
Let j(r) = -5*r**2 - 5*r + 1. Let p(a) = -2*a**2 - 1. Let g(h) = j(h) - 3*p(h). Calculate g(6).
10
Let j(k) be the first derivative of -k**4/4 - 4*k**3/3 - 4*k - 77. Give j(-4).
-4
Let r(b) = -b. Let a be r(-6). Let x(g) = 5*g + 7*g - 13*g + 2. Calculate x(a).
-4
Let h(z) = z**3 - 2*z**2 - 2*z + 2. Let c = 12 + -7. Let a be (3 + (-12)/10)*c. Suppose 3*q + 0*q = a. Give h(q).
5
Let j(g) = -22*g + 8. Let o(k) = -5*k + 2. Let m(y) = -2*j(y) + 9*o(y). Determine m(7).
-5
Let c be 2 - (4*(-5 + 4) - 0). Let v(y) = y - 1. Give v(c).
5
Let y(v) = 2*v + 2 + 3*v - v**2 - 2*v**3 - 4*v. Let t(g) = -2*g + 1. Let b be t(-4). Let r be b/(-4) + (-8)/(-32). Calculate y(r).
12
Suppose -2*v - 3*r = 11, 0 = r - 2*r - 3. Let w(f) = -4 + 5 - f**2 + 12*f**3 + 0. Calculate w(v).
-12
Let m(b) = 2*b + 2. Let d(q) = -q**3 + 13*q**2 - 15*q + 34. Let f be d(12). Determine m(f).
-2
Let z(p) = p**3 - 2*p**2 - 2*p - 1. Let h(b) be the second derivative of -b**5/20 + b**4/4 + b**3/2 + b**2/2 + 3*b. Let n(w) = -3*h(w) - 4*z(w). Calculate n(0).
1
Let d(v) = 4*v + 1. Let t = -5 - -3. Let m be 15/6 + t/(-4). What is d(m)?
13
Let l be 10 + (-1)/(3/(-5 - -8)). Let v(m) = m**2 - 11*m + 6. Calculate v(l).
-12
Let z = -25 + 16. Let p(f) = -f**2 - 6*f + 13. Calculate p(z).
-14
Let n(f) be the third derivative of 0*f + 1/12*f**4 + 3*f**2 - 5/6*f**3 + 0. Calculate n(-4).
-13
Let g(v) be the first derivative of -3*v**2/2 - v + 37. Give g(2).
-7
Let q(z) = z**3 + 2*z**2 + z + 3. Suppose -4*l = -m - 4*m + 182, -133 = -4*m - l. Let j = 31 - m. Determine q(j).
-9
Let i = -38 - -35. Let p(z) be the third derivative of 0 - 1/3*z**3 + 0*z**4 + 1/60*z**5 + 3*z**2 + 0*z. Calculate p(i).
7
Let f(z) = 13*z + 10. Let j(i) = 11*i + 10. Let q(n) = 5*f(n) - 6*j(n). What is q(-18)?
8
Let a = 123 + -126. Let j(h) = -h - 4. What is j(a)?
-1
Let l = 36 + -6. Let k = l - 34. Let j = 3 + k. Let b(m) = 3*m + 1. Give b(j).
-2
Let u = -14 - -6. Let y(m) be the third derivative of -m**5/60 - m**4/6 + m**3/2 - 19*m**2. Determine y(u).
-29
Let w(y) = -7*y**3 - 11*y**2 - 9*y - 13. Let s(g) = -6*g**3 - 10*g**2 - 8*g - 12. Let q(x) = -6*s(x) + 5*w(x). Determine q(-5).
-8
Let r(j) = -2*j**3 - j**2. Let y = 2 + -3. Let g(x) be the second derivative of x**3/6 + 5*x - 1. Let b be g(y). Determine r(b).
1
Let k be (-3)/((-3)/7) - 1. Let o(x) = -2 - 42*x**3 + 41*x**3 - 148*x**2 + 154*x**2 + 3*x + 4 - 2*x. Determine o(k).
8
Let b = 44 - 45. Let p(q) = -4*q - 8. Let u(j) = j + 2. Let f(d) = b*p(d) - 6*u(d). Suppose -3*c = 4*x - 10, -5*x = 3 + 7. Determine f(c).
-16
Let p(b) = b**3 + b**2 - 2*b + 3. Let o be 6*(15/20)/((-6)/4). Give p(o).
-9
Let a(v) = -v**3 - 5*v**2 - 2. Let o = 1443 - 1447. Calculate a(o).
-18
Let b(p) be the second derivative of -p**4/12 - 5*p**3/6 + 3*p**2 - p. Suppose 138*u = 152*u + 84. Give b(u).
0
Let b = -22 + 6. Suppose -x - 8 = -10. Let m be x - (-7)/(28/b). Let a(l) = -l**3 + 3*l + 1. Calculate a(m).
3
Let o(k) = -38*k**3 + 14*k**2 + 10*k - 41. Let l(a) = 15*a**3 - 7*a**2 - 5*a + 20. Let u(p) = 5*l(p) + 2*o(p). What is u(-6)?
12
Let h = -5 - -21. Let b = h - 8. Let o(y) = -y + 14. Give o(b).
6
Let f(h) = 5*h + 3. Let o be (0/(-1))/(-1 - -3). Let n(k) = k**3 - k**2 + k + 10. Let u be n(o). Suppose -2*v - u = 3*v. Give f(v).
-7
Let n(i) = 3*i**3 + 7*i**2 - i + 3. Let a(g) = -7*g**3 - 14*g**2 - 6. Let u(j) = 4*a(j) + 9*n(j). What is u(6)?
-15
Let w(x) = x**3 + 5*x**2 + x - 1. Let r(l) = -l**3 - l**2 + 4*l - 5. Let d be r(0). Calculate w(d).
-6
Let l(m) = -5*m + 1. Let x = -133 - -139. Suppose 4*a = -5*y + x, -5*a = -3*a + 2*y - 2. Calculate l(a).
6
Let t(r) = r - 2. Let j = 31 + -37. Let l be 5 + 1 + j + 4. Determine t(l).
2
Suppose -8*d = -12 - 4. Let k(c) = -2 - 9*c + 4 + 4*c - 4 - c**d. Let l(n) = -6*n**3 + n - 1. Let x be l(1). Determine k(x).
-8
Let k = 559 - 567. Let v(o) = o + 15. Give v(k).
7
Let y(b) = 2*b**2 - 32*b - 34. Let m be y(19). Suppose 3*f = -104 + m. Let s(z) = -2*z - 12. What is s(f)?
4
Let u(h) = -2*h + h - 6*h + 5*h + 3*h - 20. What is u(-7)?
-27
Let h(w) be the first derivative of -w**2/2 - 4*w - 32. Give h(-7).
3
Let d(o) = -o - 6*o - 4*o - 8 + 4 + 3. Calculate d(-2).
21
Let f(u) = u**3 + 2*u**2 + 2*u + 1. Let l be f(-2). Let j(w) be the second derivative of -w**3/6 - 3*w**2 + 46*w. Give j(l).
-3
Suppose 0 = 4*a - 12. Suppose 0 = t + a*y + 9, 0 = 5*t + y - 3 - 8. Let r(w) = w - 1. Calculate r(t).
2
Let r be (-16)/12*(-1 + 7). Let t(v) = -2*v**2 + 8*v + 9. Let o(y) = -y**2 + 3*y + 4. Let h(m) = 13*o(m) - 6*t(m). Give h(r).
6
Let o(z) = z**3 - 8*z**2 + 7*z + 10. Let t be (2 - 3)/(5 + (-216)/42). What is o(t)?
10
Let o(j) = j**2 + 6*j - 3. Let c(l) = -111*l - 563. Let q be c(-5). Calculate o(q).
13
Suppose 4*y - 9 = t + 1, 5 = t + y. Let a(c) = 6*c + 1 + 2*c**2 - 2*c + t*c - 2*c**3 - 9*c. Give a(2).
-13
Let y(a) be the first derivative of -a**3/3 - a**2 + 3*a - 127. Determine y(-5).
-12
Let l(j) = -10 + 1 + 9*j + 16 - 4. Determine l(-4).
-33
Let k(w) = 9*w**3 - w**2. Suppose 2*z + 8 = 0, 0 = -g + 2*z + z + 17. Let c = -1198 + 1201. Suppose c*u = g*y - 14, 5*y = -4*u - 1 - 6. Calculate k(y).
8
Let d(k) = -k**2. Let w(z) = 4*z**2 + 5*z - 3. Let g(u) = 5*d(u) + w(u). Let v be 1 + (-2 + 3 - -1). Give g(v).
3
Let h = -20 + 24. Let l(d) = d**2 - d - 1. Let y(o) = 3*o**2 - 5*o - 2. Let 